culate m(k).
18
Let s(r) = -4*r - 11. Let m(f) = 2*f - 1. Suppose 3*u - 6*u - 5*p + 28 = 0, u - 5*p = -24. Let j(w) = u*s(w) + m(w). Calculate j(-8).
4
Let j(v) = -v**2 + 13*v - 28. Let g be j(4). Let t(n) = n**2 - 6*n - 5. Give t(g).
11
Let u = -7 - -8. Suppose 3*s + 2*s - 8 = 2*w, s - w = u. Let c(q) = q**3 + q. Determine c(s).
10
Suppose 3 + 27 = -6*h. Let m(x) = x**2 + 4*x + 1. Determine m(h).
6
Let u(g) = 39*g + 36*g + 4 + 32*g - 109*g. Calculate u(3).
-2
Let h(f) = 6*f - f**3 - 5*f**2 + 0*f**2 + 0 + 5. Let n(o) = -o**2 - 12*o + 16. Let a(t) = t**2 - 1. Let r(v) = 2*a(v) + n(v). Let i be r(10). Determine h(i).
5
Let l(n) = -14*n. Suppose -4*d = -3*d + 8*d. Let i be -1*(d + -4 + 5). Give l(i).
14
Let d(m) = -m**2 + 4*m - 1. Suppose 4*g - 30 + 6 = 0. Let j = g - 2. Let n be d(j). Let c(y) = 7*y**3 - 2*y - 1. Determine c(n).
-6
Let a(r) = -2*r + 3*r + 6*r**3 - 3*r**3 - 2. Suppose i = 70 - 72. Calculate a(i).
-28
Let j(u) = u**2 - 2*u + 2. Let r be j(3). Suppose n - r + 3 = 0. Let i(s) = -s**3 - 3*s**2 + 3*s**2 - s**2 - n - 3*s + 4*s. Give i(0).
-2
Let r(i) = -i + 1. Suppose -22*v = -18*v + 16. Let u be r(v). Let d(h) = 6*h**2 + h**3 - 3 + 1 + u. Calculate d(-6).
3
Let p(k) = -k + 2 - 3*k - k**2 + 11 - 9. Suppose -3*u - 2 = 7. Determine p(u).
7
Let k = -2773 + 2776. Let m(x) = -3*x**3 + 10*x**2 - 6*x + 10. Give m(k).
1
Suppose 4*w - 251 = 5*n, 0 = 2*w + 3*n - 4*n - 133. Let r(u) = -w - u**3 + 4*u + 64 + 3*u**2 + u. What is r(4)?
-1
Let m(h) = -7*h - 3. Let o be m(-1). Let z(k) = 0 + 3*k - 5 + o. What is z(3)?
8
Let v(u) = -3*u**2 + 4*u + 20. Let q(i) = -i**2 + i + 7. Let l be (-12)/(-2) + 6/3. Let x = -456 - -453. Let w(b) = l*q(b) + x*v(b). Determine w(3).
-7
Let s be (-12)/54 + 6/27. Let y(q) = q**3 - 3*q**2 - 8*q + 5. Let h be y(5). Let x(u) = 16 + s*u + u - h. Calculate x(4).
5
Let g(x) be the first derivative of x**4/4 + 7*x**3/3 + 4*x - 6. Let m be g(-7). Let l(d) = 6*d - 5 + 4*d - 5*d + m. Give l(2).
9
Suppose -2*b + 3 = -5. Let s(x) = -x**3 - 8*x**2 + 8*x + 15. Let c be s(-9). Let h be ((-2)/b)/(3/c). Let q(t) = t**2 + 7*t + 6. Determine q(h).
-6
Suppose 2*m - 24 = 6*j - j, 0 = m - 2. Let p be (-21)/(-12)*(24/j + 2). Let w(d) = -2 + 6 - 4 + 6 + 3*d. Determine w(p).
-15
Suppose -1 = -4*a - 5. Let o(k) = -24*k**2 + k + 1. Give o(a).
-24
Let w(k) = -3*k**2 + 2*k - 1. Let g(p) = 4*p**2 - 2*p + 1. Let c(l) = 4*g(l) + 6*w(l). Suppose -14*r = -584 + 542. Give c(r).
-8
Suppose -b + 4*y = 14, b + 4*b + y - 14 = 0. Let x(w) = 17*w - 5 + w**3 - 19*w + 2 + 5*w**b. Determine x(-4).
21
Let m(c) = 2*c**2 - 19*c + 5. Let d(u) = 10*u - 181. Let z be d(19). Give m(z).
-4
Let f = -440 + 450. Let k(t) = t**2 - 10*t - 11. Calculate k(f).
-11
Let l = 10 - 16. Let o(z) = 31*z - 2. Let a(c) = 24*c - 3. Let i(t) = -5*a(t) + 4*o(t). What is i(l)?
-17
Let w(f) = f**2 - f. Let o(t) = 3*t**2 - 13*t - 10. Let l(x) = o(x) - 4*w(x). Calculate l(-7).
4
Let m(w) = -w**3 + 5*w**2 + 8*w - 3. Let z be (1 - (-2)/(-4))*-12. Let g be -3*(-1 + (-2)/z). Suppose -7*x - f = -2*x - 33, -5*f = g*x - 27. Give m(x).
9
Let w(a) = a**2 - 6*a**2 - 7*a**2 + 1. Let u be w(1). Let b(p) = p**3 + 11*p**2 - p - 3. Let y be b(u). Let t(g) = g**3 - 9*g**2 + 8*g + 2. Give t(y).
2
Let y(c) = c**2 - 7*c - 8. Let k(q) = -2*q**2 + 13*q + 15. Let v be -1*(-10)/(-2 - 0). Let x(o) = v*y(o) - 3*k(o). Determine x(4).
-5
Let a = 13 - 3. Suppose 5*z - a - 5 = 0. Let h(t) = 3*t - 4*t**2 + t**3 - t**2 + 3 - 3*t**2 + 3*t**2. Give h(z).
-6
Let c(a) be the second derivative of a**4/6 - a**3/6 + a**2 + 152*a. Calculate c(2).
8
Let y(q) = 666 - 7*q + q**2 - 1331 + 670. Let t = -7 + 13. Calculate y(t).
-1
Let k(m) be the first derivative of -1 - 8*m - 1/3*m**3 + 4*m**2. Give k(6).
4
Let h(o) = -o**3 - 6*o**2 + 7*o - 3. Let n(i) = 6*i - 7. Suppose -3*q - 5*c = -5, -1 = -2*q - 0*q - c. Let m be n(q). Give h(m).
-3
Suppose 3*y = -4*a - y + 16, 2*y - 8 = 0. Let k(j) = 2*j - 2*j**2 + 31*j**3 - 32*j**3 - 1 + 0*j**2 + a*j**2. Let l = -2 - -3. Give k(l).
-2
Let w(c) = -c**3 - 6*c**2 + 14*c - 11. Let m be w(-8). Let z be (m/(-10))/(5/20). Let p(n) = -5*n - 3. Determine p(z).
7
Let r(v) = 15*v**2 - 5*v**2 + 0*v**2 - 4*v - 4 - 8*v**2. Determine r(-2).
12
Let b(v) be the third derivative of -1/60*v**5 - 1/3*v**4 + 0*v + 0 - 3/2*v**3 - 13*v**2. What is b(-7)?
-2
Let q = 334 + -330. Let p(y) = y**2 - 7*y + 5. Give p(q).
-7
Let b(w) = -w**2 + 3. Let d(s) = s**2 - 3. Let c(j) = 6*b(j) + 5*d(j). Let m be (0/286)/(8 - 0). What is c(m)?
3
Let z(p) = -p**2 - 43*p + 53. Let k be z(-44). Let o(c) be the second derivative of -c**4/12 + 4*c**3/3 + 11*c**2/2 + c. Calculate o(k).
2
Let o(a) = a**3 - 3 + 6*a**2 + 849*a - 2 - 850*a. Determine o(-6).
1
Let c(r) be the third derivative of -r**6/120 - r**5/12 - r**4/4 - 7*r**3/6 - 407*r**2. Determine c(-4).
1
Suppose 54*s = 35*s + 228. Let k(t) = t**3 - 11*t**2 - 9*t - 12. Give k(s).
24
Let w(b) be the third derivative of 0*b - 14*b**2 + 1/24*b**4 - 1/2*b**3 + 0. Give w(-7).
-10
Let q = 43 - 31. Let c = q - 10. Let r(a) = -2 + 4*a + c*a + 276*a**2 - 275*a**2. Calculate r(-6).
-2
Let x(o) = o**3 - o**2 - 5*o + 4. Suppose -70*c + 27 = -61*c. What is x(c)?
7
Let d(o) be the third derivative of o**5/60 - 5*o**4/24 + o**3/6 - 2*o**2. Suppose 30 = 4*j + 3*p, 2*j - 4 = 5*p - 2. Determine d(j).
7
Suppose 7*q - 8*q + 15 = 0. Suppose -4*p + 15 + 9 = 2*m, -5*p + q = -5*m. Let c(y) = -y**3 + 2*y**2. What is c(m)?
0
Let s(x) = -7*x - 6. Let b(q) = -13*q - 12. Let n(z) = -6*b(z) + 11*s(z). Let h = -590 - -583. Calculate n(h).
-1
Let k(y) = y**3 + 2*y**2 + 2. Suppose 4*r + 4*d = 4, 3*r + 2*d - 5 + 2 = 0. Let q be (0 - -1)/((-2)/8). Let f = q + r. What is k(f)?
-7
Let x(d) = d**2 - 5*d - 9. Let w(s) = -5*s**2 + 20*s + 37. Let v(k) = 2*w(k) + 9*x(k). Let t be (9/15)/(10/(-100)). Determine v(t).
-13
Let m be (129/(-86))/(6/(-28)). Let w(t) = -t**2 - t + 16. Give w(m).
-40
Let t(b) be the second derivative of -1/20*b**5 - 5/12*b**4 + 0 - 2*b + 7/6*b**3 + 7/2*b**2. Let r = 164 + -170. Determine t(r).
1
Let f(l) = 309*l - 625*l + 5 + l**2 + 309*l. Give f(5).
-5
Let o(l) = -l - 4. Let m = 79 + -56. Suppose 5*p + 12 + m = 0. Determine o(p).
3
Suppose 0 = 5*w - 3*u - 52, -148*w = -147*w + u - 4. Let o(n) = -n**3 + 9*n**2 - 7*n + 3. What is o(w)?
11
Let m(h) be the third derivative of -h**6/120 - 7*h**5/60 + 5*h**4/12 + 2*h**3 - 137*h**2 - 2. Determine m(-8).
-4
Let x(u) = 6*u**2 - 9*u. Let f(i) = 2 - i + 5*i**2 - 7*i + 0*i**2 - 1. Let o(t) = -4*f(t) + 3*x(t). Calculate o(3).
-7
Let b(x) be the second derivative of x**8/3360 + x**6/360 - x**5/120 - x**4/6 + x**2 + 29*x. Let k(o) be the third derivative of b(o). What is k(2)?
19
Let d(z) = -z**2 - z - 1. Let c(f) = -6*f**2 - 6*f + 7. Let h(x) = c(x) - 5*d(x). Give h(-4).
0
Let j(h) = -9 + 23 - 5*h - 11. Let n(a) = -4*a + 2. Let z(v) = -5*j(v) + 6*n(v). Let u = 0 + 0. Give z(u).
-3
Let s(f) = 4*f. Let a(o) = -11*o - 1. Let x(i) = -2*a(i) - 7*s(i). Let h = 32 + -16. Let k be (-38)/h + 75/200. Give x(k).
14
Let w(x) = -2*x**2 + 3*x + 2. Suppose 81*d = 79*d + 6. Calculate w(d).
-7
Let m(w) = w**3 - 9*w**2 - 10*w + 5. Let z be m(10). Suppose a - 2*j = -12, -z*j + 23 - 8 = 0. Let k(c) = -c**2 - 8*c - 7. Give k(a).
5
Let l(q) = -4*q - 8 + 0*q - 29. Let f(j) = j + 9. Suppose -4*s + 4 + 0 = 4*z, 2*z - s = -7. Let o(c) = z*l(c) - 9*f(c). Give o(0).
-7
Let y be (9 - 0) + (0 - 2). Let p = 3 + -1. Let x(z) = 1 + 4*z**2 - 6*z**2 + z**3 + 6*z - 6*z**p. Calculate x(y).
-6
Suppose 39*y - 112 = 83. Let s(k) = -9*k + 5. What is s(y)?
-40
Let t(l) = l**2 + 6*l + 4. Let f(p) = -p**2 + p + 1. Let r(c) = 2*f(c) - t(c). Suppose -5*o + 4*s + 6 = 0, -s = -2*o - 6*s - 24. Give r(o).
-6
Let g(f) be the third derivative of 1/24*f**4 + 0 - 1/2*f**3 + 1/15*f**5 - 1/60*f**6 + 5*f**2 + 0*f. Determine g(3).
-18
Suppose 0 = 3*r - 7*r + 64. Suppose -j + 9*j = r. Let t(p) = -p**2 - p - 2. What is t(j)?
-8
Suppose -4*y + 2*h = -1 + 19, y + 4*h + 18 = 0. Suppose -4 = -3*o - r, -4*r - 34 = -5*o + 1. Let i(v) = -3*v - 7*v - 7*v**2 - v**o - 7 + v. Calculate i(y).
11
Let l(z) be the first derivative of 1/2*z**2 + z + 27 + 1/3*z**3. Determine l(0).
1
Suppose -76*k - 5 = -72*k - 5*z, -5 = -2*k + 5*z. Let t(y) = -y**3 - y**2 - 3*y**2 - y**2 - 2*y - 7. Determine t(k).
3
Let y(s) be the third derivative of 0*s